e the greatest common factor of 6 and u.
6
Let j = -138 - -84. Suppose -5*w = i + 447 - 42, -5*i + 25 = 0. Let l = j - w. What is the highest common divisor of 4 and l?
4
Let q(j) = 425*j - 9. Let n be q(-3). Let m = -908 - n. Calculate the greatest common divisor of 47 and m.
47
Suppose 3*o - 5*u + 8 + 15 = 0, 2*u = -o + 7. Let z be (-1)/(-6) - o/((-6)/(-269)). What is the greatest common divisor of 5 and z?
5
Let t = -8 - -166. Calculate the highest common factor of t and 711.
79
Let p = -50 + 38. Let g(u) = u + 40. Let d be g(p). Calculate the greatest common factor of d and 224.
28
Let g = 1408 + -1351. Calculate the greatest common factor of 76 and g.
19
Let h be -6 - (-9 - -4) - 52/(-2). What is the greatest common factor of 10 and h?
5
Let z = 103 - 48. Let t = z - 45. Calculate the highest common divisor of 15 and t.
5
Suppose 4*h = 151 - 27. What is the highest common factor of 2263 and h?
31
Let m(x) = x**2 + 3*x - 12. Let o be m(9). Let j = -58 + o. Let t(r) = -18*r**3 - r. Let d be t(-1). Calculate the greatest common factor of j and d.
19
Let a(d) = -d**2 + 8*d - 7. Let z be a(6). Suppose z*u - u = 8. Suppose 0 = 4*s + 5*q - 117, 4*q + 6 = u*q. What is the highest common factor of s and 11?
11
Suppose -2*b - 88 - 96 = 2*q, 2*q + 95 = -b. Let c = 252 - b. What is the highest common factor of 31 and c?
31
Suppose 0*l = -l + 2*h + 72, 5*l + 5*h - 360 = 0. What is the highest common factor of l and 108?
36
Let v be (-6 - -2) + -1 + 16. Suppose -v = -r + 2*i, 0*r + 2*i = -2*r + 34. What is the greatest common factor of 165 and r?
15
Let p = -1 + 13. Suppose -p*m + 99 = -3*m. What is the greatest common factor of m and 22?
11
Suppose 0 = j - 3 + 1. Let i(l) = l**3 - 4*l**2 + 3*l - 1. Let k be i(j). Let x be (-10)/(1/(k + -2)). Calculate the greatest common divisor of x and 20.
10
Let l(w) be the third derivative of -w**6/120 + w**5/12 + w**4/12 + 2*w**3/3 + 33*w**2. Let i be l(4). What is the highest common factor of i and 126?
14
Suppose -o + 1 + 2 = 0. Suppose -q = -o*b + 56, -2*b - 2*q + 25 = -23. Let d be (b/(-8) - -2)*-26. What is the greatest common divisor of d and 52?
13
Let r = 1632 - 1553. Calculate the greatest common divisor of r and 2528.
79
Let i(o) = o**3 + 7*o**2 + 12*o + 7. Let b be i(-6). Let k = -23 - b. What is the greatest common factor of k and 15?
3
Suppose -20 = 5*c, -6*v + 76 = -2*v - 2*c. Suppose 2*u + 73 - 291 = 5*t, 0 = -2*t + 8. Calculate the highest common factor of v and u.
17
Suppose f - 5*f - 96 = 0. Let t = 27 + f. Suppose 0 = -3*b + t*o + 41 - 17, -5*o - 7 = -2*b. What is the highest common divisor of b and 88?
11
Let i(c) = c**3 - 2*c**2 - 6*c + 1. Let s be i(4). Let m(o) = -o**2 + 18*o - 11. Let k be m(s). What is the highest common factor of 28 and k?
14
Let r(w) be the second derivative of w**4/12 - w**3/2 - w. Let b be r(4). Suppose -2*k = -b*k + 38. Calculate the greatest common divisor of 95 and k.
19
Let r = 155 + 7. Let m = -18 + r. What is the highest common divisor of m and 16?
16
Suppose 175 + 119 = 21*v. Calculate the highest common divisor of 175 and v.
7
Suppose 17*u - 7*u - 2590 = 0. What is the highest common divisor of 37 and u?
37
Let i(u) = u**2 + 5*u + 3. Let a be i(-6). Suppose -32*z + 1764 = 14*z + 3*z. What is the highest common factor of a and z?
9
Let i = 259 - 699. Let j = 1024 + i. Let a = -314 + j. Calculate the highest common factor of 30 and a.
30
Let m be (-1)/((86/(-60))/43). What is the highest common factor of m and 570?
30
Let o(d) = -90*d + 32. Let r be o(5). Let j be r/(-7) - 22/(-77). Calculate the greatest common divisor of 15 and j.
15
Let h = -1114 + 1119. What is the greatest common divisor of h and 35?
5
Let i = -12 + 18. Suppose u = i*u - 280. Suppose 40 = 5*r - 2*j, -4*r + 5*j - 8 = -5*r. Calculate the greatest common factor of r and u.
8
Let l = 37 + 12. Let o = 50 - 33. Suppose 4*m - 5*q - 16 = 17, -2*m + 3*q + o = 0. What is the greatest common divisor of l and m?
7
Let f be (44/(-11) - -3)*-64. What is the greatest common factor of f and 928?
32
Suppose 7*b - 3506 = 2*b + 2*q, 0 = 2*b + 5*q - 1385. What is the highest common divisor of b and 150?
50
Let v be 23/(-2) - 2/4. Let p be (4/v)/(2/(-48)). Suppose 0 = 3*h + 1 - 61. Calculate the greatest common factor of p and h.
4
Suppose -44 = l - 3*l. Let d be (-1214)/(-22) + (-102)/561. Calculate the highest common divisor of d and l.
11
Let a be (-4)/(-14) - (-10450)/77. Let i = -119 + a. What is the greatest common divisor of i and 119?
17
Let r = -5 + 15. Suppose 0 = 4*c - r - 14. What is the greatest common divisor of 18 and c?
6
Suppose -631 = -14*r - 323. What is the greatest common factor of 902 and r?
22
Let y(b) = -6*b + 4. Let m be y(-3). Let u be ((-33)/m)/((-1)/30). What is the highest common factor of u and 15?
15
Suppose -2696 + 344 = -16*u. What is the greatest common factor of u and 63?
21
Suppose 57*s = 62*s - 20. Let m(q) = -q - 2. Let d be m(-5). Suppose -8 = -5*g + d*g. Calculate the greatest common factor of g and s.
4
Let y(z) = -z**2 + 26*z - 149. Let g be y(15). What is the highest common divisor of g and 16?
16
Let l(r) = -110*r**3 - r**2 + 3*r + 2. Let w be l(-1). Calculate the highest common factor of w and 351.
27
Suppose -207*x + 204*x - 2*w + 657 = 0, 0 = -5*x - 5*w + 1095. Calculate the greatest common factor of 73 and x.
73
Let z = 7 + -4. Suppose -z*l + 212 = -l. Let d = -61 + l. What is the greatest common factor of 30 and d?
15
Suppose -2616 = -37*y + 3378. Calculate the greatest common divisor of y and 6.
6
Let g be 3/(-6)*1*8. Suppose 5*b - 48 = 4*v, -v - 12 = -8*b + 3*b. Let d = g - v. What is the highest common factor of 56 and d?
8
Let j = 76 + -64. Let y be (2/3 - 2)*-3. What is the greatest common divisor of j and y?
4
Suppose -b = -4*k + 4, -11 = -b - 5*k + 12. Let q = 40 - 36. Let l be 2/q*(-48)/(-3). What is the highest common factor of b and l?
8
Suppose 150*r = 149*r + 16. Let d be (-42)/(-8) - 1/4. Suppose -y = -d*y + r. What is the greatest common factor of y and 12?
4
Let b(s) = -1. Let z(x) = -3*x - 6. Let t(h) = 3*b(h) - z(h). Let l be t(7). Suppose -5*k + 14 + 26 = 0. What is the greatest common divisor of k and l?
8
Let q be 105 - (-12 + 22 + -4). What is the highest common divisor of 429 and q?
33
Let h(b) = -2*b**3 + 18*b**2 + b - 7. Let r be h(9). Let s(o) = o**3 - 2*o + 3. Let t be s(r). Calculate the greatest common factor of t and 28.
7
Let c be 2/(-8) + (-17028)/(-528). Calculate the highest common factor of c and 512.
32
Let d = 120 - 57. Let w = d - 39. Calculate the highest common divisor of 96 and w.
24
Let y be 16 - 1254/78 - 1874/(-26). Calculate the greatest common factor of 40 and y.
8
Let y be (-650)/(-3) - (-4)/(-6). Let c(a) = a**3 + a + 22. Let u be c(0). Suppose -2*g + u = -y. What is the highest common divisor of g and 17?
17
Let q be 0/9 + (-2)/(-1). Suppose j + 1 = q. What is the highest common divisor of j and 7?
1
Let d be 132/9*5/15*9. Calculate the greatest common factor of d and 253.
11
Let b be (-2)/7 + 174/21. Suppose 293 - 61 = b*l. Let a be (115*1)/1 + 1. What is the greatest common divisor of l and a?
29
Suppose -4*y + 19 = -21. Suppose -4*g - 12 = -0*o + 4*o, -2*o - y = 0. Suppose g*a - 36 = -0*a. What is the highest common divisor of a and 12?
6
Let k(r) = r + 16. Let z be k(-12). Suppose z*w - 42 = 2*w. Calculate the highest common divisor of w and 14.
7
Let n = -22 + 63. Let y = 59 - n. Let i be 840/(-4)*y/(-15). What is the highest common divisor of 28 and i?
28
Let m(b) = 9*b - 2. Suppose -8 = -4*x + f + f, -x = 5*f + 9. Let y be m(x). Calculate the greatest common divisor of 77 and y.
7
Let b be ((-114)/(-95))/(2/100). Suppose 0 = 3*z - 45 - 15. What is the greatest common factor of z and b?
20
Suppose -79 + 365 = 5*u + k, -3*u - 2*k = -166. Calculate the highest common divisor of u and 145.
29
Suppose -7*i + 10*i - 2*g = 73, -i + 2*g + 23 = 0. Calculate the highest common factor of i and 1050.
25
Let s(o) = -5*o + 8. Let g be s(6). Let m = 25 + g. Suppose -5 + 1 = -t, 3*w + m*t - 84 = 0. Calculate the highest common factor of 8 and w.
8
Let w be -2 + 11/7 - 22132/(-77). Suppose -3*x - 36 = -n - 8*x, -4*x - 45 = -n. Calculate the greatest common factor of w and n.
41
Let k(h) = 3*h**3 - 2*h - 1. Let c be k(2).